t is the remainder when 212 is divided by u?
70
Let l(i) = 2*i - 8. Let x = -21 - -30. Let o(n) = -n**2 + 7*n + 15. Calculate the remainder when o(7) is divided by l(x).
5
Let f(l) = 7*l**3 + 2*l**2 - 16*l - 1. Let t(i) = -i**3 + i**2 + i - 1. Let j(c) = f(c) + 6*t(c). What is the remainder when 8 is divided by j(-9)?
0
Suppose -2*u + 9 = -5*o - 7, 8 = 4*o. Suppose 5*l = -5 + 180. What is the remainder when l is divided by 2*(-1)/(-4)*(5 + u)?
8
Let z(f) = f**3 + 29*f**2 + 11*f + 22. Calculate the remainder when z(-25) is divided by 50.
47
Let i = -2516 - -2523. Calculate the remainder when i is divided by 1.
0
Let b be (-4)/(-7) - 1878/(-21). Suppose 0 = 5*t + t - b. Calculate the remainder when t is divided by 9.
6
Let a = 1063 - 1030. What is the remainder when 124 is divided by a?
25
Let t be 6*1/2 - -201. Let l = -117 + t. Suppose l = 5*w + 27. Calculate the remainder when w is divided by 7.
5
Let q(f) = 2*f**2 - 70*f + 171. Calculate the remainder when q(33) is divided by 1/(1 + 40/(-42)).
18
Let j(w) = -3*w**3 - w**2 + 3*w + 2. Suppose 5*u = 2*u + y - 8, -5*u - 2 = 4*y. What is the remainder when j(u) is divided by 9?
7
Let c be 4/(-2)*(2 + -4 + 4). Let n = c + 10. What is the remainder when 42/((-14)/(-4) - 2) is divided by n?
4
Let g(i) = -233*i + 1051. Calculate the remainder when g(4) is divided by 0 + -2 + (-1 - -23).
19
Let g = -150 + 268. Calculate the remainder when g is divided by 6.
4
Suppose 1 = -6*g + 109. Suppose 0 = 2*c - 0*c - 92. What is the remainder when c is divided by g?
10
Let x = -83 + 87. What is the remainder when 64 is divided by 30 + x/4 + 2?
31
Let i(t) = -2*t + 10. Let m be i(4). Suppose -m*j - 2 = -12. Suppose -j*u + 106 = 6. What is the remainder when 57 is divided by u?
17
Let c(y) = 64*y - 20. Let z(x) = -13*x + 4. Let w(k) = -2*c(k) - 11*z(k). Let j(m) = m - 4. Let g be j(9). What is the remainder when w(g) is divided by 18?
17
Let x(u) = 22 - 2*u**2 + 0*u**3 + 3*u**2 + u + 2*u**3 - u**3. What is the remainder when 61 + -1 + -3 + (-8)/(-1) is divided by x(0)?
21
Suppose 0 = -10*f + 906 - 666. What is the remainder when f is divided by 18?
6
Suppose 2*l - 16 = l - 4*t, -4*t + 64 = 5*l. Calculate the remainder when 106 is divided by l.
10
Suppose -1134*r - 564 = -1140*r. Calculate the remainder when r is divided by 84.
10
Let a be 712/(-20)*10/(-4). Suppose 0 = 5*h + a - 419. What is the remainder when h is divided by 14?
10
Let l be 5*(0 + -1 - -24). Let i = -57 + l. Calculate the remainder when i is divided by 10.
8
Let l = 497 + -442. What is the remainder when l is divided by 15?
10
Let u be (-1524)/5*80/(-24). Suppose 268 = -4*c + u. What is the remainder when c is divided by 47?
46
Let v = 62 + -29. Let p(z) = -3*z**3 - 4*z**2 - 6*z - 3. Suppose t = -4*t - 10, 4*t = c - 6. What is the remainder when v is divided by p(c)?
16
Calculate the remainder when 53/5 - 6/(-15) is divided by 6.
5
Let c(r) = r**3 + 6*r**2 + 3*r + 1. Let n be c(-6). Let d = n - -25. Suppose -2*t = d - 24. What is the remainder when 14 is divided by t?
6
Calculate the remainder when 118 is divided by ((-162)/(-45))/(2/(200/6)).
58
Let o = -88 + 128. Suppose 10*k + o = 12*k. Calculate the remainder when k is divided by 12.
8
Suppose 0 = -n - 0 + 3. Suppose -m + 33 = 2*j, -3*j = n*m + m - 137. Let h(i) = -5*i - 3. Calculate the remainder when m is divided by h(-3).
11
Let o(x) = -3*x**2 - 2*x + 2. Let k be o(-2). Let c(i) be the first derivative of i**3/3 + i**2 - 5*i - 2. Calculate the remainder when 36 is divided by c(k).
17
Suppose -l + 27 = -7. Calculate the remainder when 132 is divided by l.
30
Suppose -26 = -l + 1. Calculate the remainder when l is divided by (84/(-8))/(72/(-96)).
13
Suppose 4*u + 12 = 6*u. Calculate the remainder when (3/((-18)/68))/(768/(-1152)) is divided by u.
5
Calculate the remainder when -1 - (13 + -12) - 2*-13 is divided by 11.
2
Suppose 0 = 2*t - 175 + 35. Calculate the remainder when t is divided by 19.
13
Suppose 24 = -2*u - 2*f + 152, 3*u + 2*f = 194. What is the remainder when u is divided by 24?
18
Suppose 0*b + 12 = 2*b. Suppose 0 = -3*n + 4*v + 185, -5*n + n = -3*v - 235. Let t = -46 + n. Calculate the remainder when t is divided by b.
3
Let t = -3 + 8. Let r(l) = 11*l + 29*l - t*l. What is the remainder when r(1) is divided by 12?
11
Let g(p) = -p**3 - 370*p**2 - 4 + 13*p**3 + 371*p**2. Calculate the remainder when g(2) is divided by 25.
21
Let v(j) = 12 - 5 - 5*j**2 - 4*j**2 + 5*j**3 - 4*j**3 + 9*j. What is the remainder when 40 is divided by v(8)?
10
Let b(k) = 2*k**2 - 37*k - 15. Calculate the remainder when 27 is divided by b(19).
3
Suppose 4*d + 0*d + 5*p - 59 = 0, 88 = 3*d - 5*p. Let t = -58 + 99. Let h = t - -21. Calculate the remainder when h is divided by d.
20
Let b = -1142 - -1338. Calculate the remainder when b is divided by 86.
24
Let v(u) = -3*u**3 - 2*u**2 - 2*u - 2. Suppose -12 = -4*r - 2*r. What is the remainder when v(-2) is divided by r?
0
Suppose -3*j = -12*j - 261. Let u = j - -44. Calculate the remainder when 10/(-5) - 88/(-2) is divided by u.
12
Suppose 165 = 4*l - 3*s, -40 = -l - s + 3*s. Suppose -l = -3*q - t + 1, 2*q = t + 32. What is the remainder when q is divided by 3?
0
Let c(f) = -18*f + 263. What is the remainder when 409 is divided by c(10)?
77
Let b = 30 + -28. Suppose -7*f + 90 = -b*f. What is the remainder when 31 is divided by f?
13
Let u = -1127 - -1333. What is the remainder when 634 is divided by u?
16
Suppose -5*x + z = -248, x - 2*z - 52 = -z. Calculate the remainder when 389 is divided by x.
46
Let b = -56 - -92. What is the remainder when b is divided by 6?
0
Suppose 40 = -2*w - 2*b, 13*w - 5*b = 9*w - 35. Let o(j) = 14*j + 2. Let l be o(2). Let s = w + l. Calculate the remainder when 59 is divided by s.
14
Suppose 0*n = 5*n - 15, 3*k - 144 = -2*n. Let q = 150 + -138. Let j = k - q. Calculate the remainder when 133 is divided by j.
31
What is the remainder when 1283 is divided by (-155)/(-4) - (-64)/256?
35
Let q(v) = v**3 + 10*v**2 + 9*v - 14. Calculate the remainder when q(-8) is divided by 8.
2
Suppose -2*a + 6*a = 96. Let c = a - 9. What is the remainder when c is divided by 9?
6
Let p(c) = -4*c - 14. Let b be p(-5). Let a(x) = 5*x**2 - 5*x - 23. Calculate the remainder when a(b) is divided by 32.
31
Suppose 521 = 3*w - b, -4*w + b + 810 = 115. Calculate the remainder when w is divided by 39.
18
Let l = 440 + -426. Calculate the remainder when 40 is divided by l.
12
Suppose 0 = -52*c + 127 + 2005. Calculate the remainder when 139 is divided by c.
16
Calculate the remainder when 235 is divided by ((-3318)/(-56))/((-9)/(-12)).
77
Let w = -494 - -576. What is the remainder when w is divided by 18?
10
Suppose 1474 - 1422 = 4*d. Calculate the remainder when 346 is divided by d.
8
Suppose 15 + 3 = s. Let c = -13 + s. Suppose -c*j - 28 = -2*f - 119, -97 = -5*j + 4*f. Calculate the remainder when 33 is divided by j.
16
Suppose a = -j + 2*a - 351, -j - 3*a - 351 = 0. Let w be (-20)/6*j/65. Suppose 74 + w = 4*i. What is the remainder when 67 is divided by i?
21
Let u = -260 - -564. What is the remainder when 40 is divided by 2*2/(-12) - u/(-12)?
15
Let v be -14 - ((-3)/3 + 1). Let o = 36 + v. Suppose -b = -3 - o. Calculate the remainder when b is divided by 7.
4
Let y(f) = 3*f**2 - 2*f + 1. Calculate the remainder when 51 is divided by y(2).
6
Suppose -96*c + 85*c = -979. Calculate the remainder when c is divided by 7.
5
What is the remainder when 3/((-24)/140)*(-396)/77 is divided by 36?
18
Suppose 0 = -4*c + 151 - 51. Calculate the remainder when 247 is divided by c.
22
Let s be (-1)/(-4) + (-11)/(-4). Calculate the remainder when 7/(140/285) + (-1)/4 is divided by 25/5 + (2 - s).
2
Let v = 260 - 109. What is the remainder when v is divided by 14?
11
Suppose 0 = 3*l - 2*d - 158, 2*d = l - 2*d - 56. Suppose -9 = 5*q - 2*q, 3*i + 2*q - 15 = 0. Calculate the remainder when l is divided by i.
3
Suppose 60 = -4*x + 4*p, 0 = x - 5*x - 2*p - 42. What is the remainder when 76 is divided by x/(-66) + (-427)/(-11)?
37
Suppose -12*n + 4*l = -9*n - 51, -4*n - l = -49. Calculate the remainder when 44 is divided by n.
5
Let z be (-4)/6 + (-597)/9. Let o = -30 - z. What is the remainder when o is divided by 21?
16
Let a be (-228)/(-2) - (3 - (4 - -3)). Suppose -a